{"id":2671,"date":"2015-01-01T23:07:09","date_gmt":"2015-01-01T22:07:09","guid":{"rendered":"http:\/\/lamagicbox.com\/magazine\/?page_id=2671"},"modified":"2015-03-04T19:28:07","modified_gmt":"2015-03-04T18:28:07","slug":"reportages-concerts","status":"publish","type":"page","link":"https:\/\/lamagicbox.com\/magazine\/reportages\/reportages-concerts\/","title":{"rendered":"REPORTAGES CONCERTS"},"content":{"rendered":"<p style=\"text-align: center;\">Comptes-rendus des concerts vus par les reporters de La Magic Box<\/p>\n<!--themify_builder_content-->\n<div id=\"themify_builder_content-2671\" data-postid=\"2671\" class=\"themify_builder_content themify_builder_content-2671 themify_builder tf_clear\">\n    \t\t\t\t<!-- module_row -->\n\t\t<div  data-lazy=\"1\" class=\"module_row themify_builder_row tb_p22q008 tb_first tf_w tf_clearfix\">\n\t\t\t\t\t<div class=\"row_inner col_align_top tb_col_count_1 tf_box tf_rel\">\n\t\t\t\t\t<div  data-lazy=\"1\" class=\"module_column tb-column col-full   tb_mpem008 first\">\n\t\t\t\t\t\t\t\t\t<div class=\"tb-column-inner tf_box tf_w\">\n\t\t\t\t<!-- module post -->\n<div  class=\"module module-post tb_z6fw100 \">\n        <div  class=\"builder-posts-wrap loops-wrapper list-post tf_clear tf_clearfix\" data-lazy=\"1\">\n\t\n<div id=\"post-45787\" class=\"post tf_clearfix cat-57 cat-53 post-45787 type-post status-publish format-standard has-post-thumbnail hentry category-reportage-concert category-reportages tag-blaze-bayley tag-chez-paulette tag-electric-shock tag-pagney-derriere-barine has-post-title has-post-date has-post-category has-post-tag has-post-comment has-post-author \">\n\t\n\t\t\t\t<figure class=\"post-image tf_clearfix\">\n\t\t\t    \t\t\t\t\t\t\t\t<a href=\"https:\/\/lamagicbox.com\/magazine\/blaze-bayley-electric-shock-chez-paulette-pagney-derriere-barine-54\/\">\n\t\t\t\t\t\t\t\t<img loading=\"lazy\" decoding=\"async\" width=\"950\" height=\"300\" src=\"https:\/\/lamagicbox.com\/magazine\/wp-content\/uploads\/2026\/04\/Blaze-Bayley-le-25-04-2026-banniere.jpg\" class=\"wp-post-image wp-image-45806\" title=\"Blaze Bayley le 25 04 2026 (banni\u00e8re)\" alt=\"Blaze Bayley le 25 04 2026 (banni\u00e8re)\" srcset=\"https:\/\/lamagicbox.com\/magazine\/wp-content\/uploads\/2026\/04\/Blaze-Bayley-le-25-04-2026-banniere.jpg 950w, https:\/\/lamagicbox.com\/magazine\/wp-content\/uploads\/2026\/04\/Blaze-Bayley-le-25-04-2026-banniere-300x95.jpg 300w, https:\/\/lamagicbox.com\/magazine\/wp-content\/uploads\/2026\/04\/Blaze-Bayley-le-25-04-2026-banniere-500x158.jpg 500w\" sizes=\"auto, (max-width: 950px) 100vw, 950px\" \/>\t\t\t\t\t\t\t\t    \t\t\t\t<\/a>\n\t\t\t\t\t\t\t    \t\t\t<\/figure>\n\t\t\t\n\t<div class=\"post-content\">\n\t\t\t\t\t<p class=\"post-date entry-date updated\">\n\t\t\t\t<span class=\"month\">Avr<\/span>\n\t\t\t\t<span class=\"day\">25<\/span>\n\t\t\t\t<span class=\"year\">2026<\/span>\n\t\t\t<\/p>\n\t\t\n\t\t\t<h2 class=\"post-title entry-title\"><a href=\"https:\/\/lamagicbox.com\/magazine\/blaze-bayley-electric-shock-chez-paulette-pagney-derriere-barine-54\/\">Blaze Bayley + Electric Shock &#8211; Chez Paulette &#8211; Pagney Derri\u00e8re Barine (54)<\/a><\/h2>\n\t\t\t<div class=\"entry-content\">\n\n        \n\t\t<p>Chez Paulette \/ Blaze Bayley + Electric Shock \/ Le 25 Avril 2026 \u2013 Pagney Derri\u00e8re Barine (54) \/ Notre avis\u00a0: 5\/5. La soir\u00e9e promettait d\u2019\u00eatre intense. Elle s\u2019est r\u00e9v\u00e9l\u00e9e m\u00e9morable. Chez Paulette, le public s\u2019est d\u00e9plac\u00e9 en nombre pour accueillir Blaze Bayley et d\u00e9couvrir Electric Shock. Deux univers, une m\u00eame \u00e9nergie : celle du [&hellip;]<\/p>\n\n\t\t\n\t\t    <p><a href=\"https:\/\/lamagicbox.com\/magazine\/blaze-bayley-electric-shock-chez-paulette-pagney-derriere-barine-54\/\" class=\"more-link\">Lire la suite<\/a><\/p>\n\n\t\t\n\t    \n\t<\/div><!-- \/.entry-content -->\n\t\n\t\t\t\t\t<p class=\"post-meta entry-meta\">\n\t\t\t\t<span class=\"post-author\">By <span class=\"author vcard\"><a class=\"url fn n\" href=\"https:\/\/lamagicbox.com\/magazine\/author\/fabrice-a\/\" rel=\"author\">Fabrice A.<\/a><\/span>  &bull;<\/span>\n\t\t\t\t<span class=\"post-category\"><a href=\"https:\/\/lamagicbox.com\/magazine\/category\/reportages\/reportage-concert\/\" rel=\"tag\" class=\"term-reportage-concert\">Reportage Concert<\/a>, <a href=\"https:\/\/lamagicbox.com\/magazine\/category\/reportages\/\" rel=\"tag\" class=\"term-reportages\">Reportages<\/a><\/span>\t\t\t\t        <span class=\"post-comment\">\n\t       <a href=\"https:\/\/lamagicbox.com\/magazine\/blaze-bayley-electric-shock-chez-paulette-pagney-derriere-barine-54\/#respond\">0<\/a>\t    <\/span>\n\t\t\n\t\t\t\t <span class=\"post-tag\">&bull; Tags: <a href=\"https:\/\/lamagicbox.com\/magazine\/tag\/blaze-bayley\/\" rel=\"tag\">Blaze Bayley<\/a>, <a href=\"https:\/\/lamagicbox.com\/magazine\/tag\/chez-paulette\/\" rel=\"tag\">Chez Paulette<\/a>, <a href=\"https:\/\/lamagicbox.com\/magazine\/tag\/electric-shock\/\" rel=\"tag\">Electric Shock<\/a>, <a href=\"https:\/\/lamagicbox.com\/magazine\/tag\/pagney-derriere-barine\/\" rel=\"tag\">Pagney Derri\u00e8re Barine<\/a><\/span>\t\t\t<\/p>\n\t\t\n\n\t<\/div>\n\t<!-- \/.post-content -->\n\n    <\/div>\n<!--\/post -->\n\n<div id=\"post-45754\" class=\"post tf_clearfix cat-57 cat-53 post-45754 type-post status-publish format-standard has-post-thumbnail hentry category-reportage-concert category-reportages tag-didier-super tag-lautre-canal tag-nancy has-post-title has-post-date has-post-category has-post-tag has-post-comment has-post-author \">\n\t\n\t\t\t\t<figure class=\"post-image tf_clearfix\">\n\t\t\t    \t\t\t\t\t\t\t\t<a href=\"https:\/\/lamagicbox.com\/magazine\/didier-super-a-lautre-canal-nancy-54\/\">\n\t\t\t\t\t\t\t\t<img loading=\"lazy\" decoding=\"async\" width=\"950\" height=\"300\" src=\"https:\/\/lamagicbox.com\/magazine\/wp-content\/uploads\/2026\/04\/Didier-Super-24-04-2026-banniere.jpg\" class=\"wp-post-image wp-image-45759\" title=\"Didier Super 24 04 2026 (banni\u00e8re)\" alt=\"Didier Super 24 04 2026 (banni\u00e8re)\" srcset=\"https:\/\/lamagicbox.com\/magazine\/wp-content\/uploads\/2026\/04\/Didier-Super-24-04-2026-banniere.jpg 950w, https:\/\/lamagicbox.com\/magazine\/wp-content\/uploads\/2026\/04\/Didier-Super-24-04-2026-banniere-300x95.jpg 300w, https:\/\/lamagicbox.com\/magazine\/wp-content\/uploads\/2026\/04\/Didier-Super-24-04-2026-banniere-500x158.jpg 500w\" sizes=\"auto, (max-width: 950px) 100vw, 950px\" \/>\t\t\t\t\t\t\t\t    \t\t\t\t<\/a>\n\t\t\t\t\t\t\t    \t\t\t<\/figure>\n\t\t\t\n\t<div class=\"post-content\">\n\t\t\t\t\t<p class=\"post-date entry-date updated\">\n\t\t\t\t<span class=\"month\">Avr<\/span>\n\t\t\t\t<span class=\"day\">24<\/span>\n\t\t\t\t<span class=\"year\">2026<\/span>\n\t\t\t<\/p>\n\t\t\n\t\t\t<h2 class=\"post-title entry-title\"><a href=\"https:\/\/lamagicbox.com\/magazine\/didier-super-a-lautre-canal-nancy-54\/\">Didier Super \u00e0 L&rsquo;Autre Canal &#8211; Nancy (54)<\/a><\/h2>\n\t\t\t<div class=\"entry-content\">\n\n        \n\t\t<p>L&rsquo;Autre Canal \/ Didier Super \/ Le 24 Avril 2026 \u2013 Nancy (54) \/ Notre avis\u00a0: 5\/5. Ambiance survolt\u00e9e \u00e0 L\u2019Autre Canal pour le passage toujours aussi impr\u00e9visible de Didier Super. D\u00e8s les premi\u00e8res minutes, le ton est donn\u00e9 : un m\u00e9lange de reprises improbables et de compositions grin\u00e7antes, port\u00e9es par un public d\u00e9j\u00e0 conquis. [&hellip;]<\/p>\n\n\t\t\n\t\t    <p><a href=\"https:\/\/lamagicbox.com\/magazine\/didier-super-a-lautre-canal-nancy-54\/\" class=\"more-link\">Lire la suite<\/a><\/p>\n\n\t\t\n\t    \n\t<\/div><!-- \/.entry-content -->\n\t\n\t\t\t\t\t<p class=\"post-meta entry-meta\">\n\t\t\t\t<span class=\"post-author\">By <span class=\"author vcard\"><a class=\"url fn n\" href=\"https:\/\/lamagicbox.com\/magazine\/author\/fabrice-a\/\" rel=\"author\">Fabrice A.<\/a><\/span>  &bull;<\/span>\n\t\t\t\t<span class=\"post-category\"><a href=\"https:\/\/lamagicbox.com\/magazine\/category\/reportages\/reportage-concert\/\" rel=\"tag\" class=\"term-reportage-concert\">Reportage Concert<\/a>, <a href=\"https:\/\/lamagicbox.com\/magazine\/category\/reportages\/\" rel=\"tag\" class=\"term-reportages\">Reportages<\/a><\/span>\t\t\t\t        <span class=\"post-comment\">\n\t       <a href=\"https:\/\/lamagicbox.com\/magazine\/didier-super-a-lautre-canal-nancy-54\/#respond\">0<\/a>\t    <\/span>\n\t\t\n\t\t\t\t <span class=\"post-tag\">&bull; Tags: <a href=\"https:\/\/lamagicbox.com\/magazine\/tag\/didier-super\/\" rel=\"tag\">Didier Super<\/a>, <a href=\"https:\/\/lamagicbox.com\/magazine\/tag\/lautre-canal\/\" rel=\"tag\">L'Autre Canal<\/a>, <a href=\"https:\/\/lamagicbox.com\/magazine\/tag\/nancy\/\" rel=\"tag\">Nancy<\/a><\/span>\t\t\t<\/p>\n\t\t\n\n\t<\/div>\n\t<!-- \/.post-content -->\n\n    <\/div>\n<!--\/post -->\n\n<div id=\"post-45638\" class=\"post tf_clearfix cat-57 post-45638 type-post status-publish format-standard has-post-thumbnail hentry category-reportage-concert tag-80s tag-al-hi tag-bretagne tag-kim-wilde tag-le-liberte tag-new-wave tag-pop tag-rennes tag-rock has-post-title has-post-date has-post-category has-post-tag has-post-comment has-post-author \">\n\t\n\t\t\t\t<figure class=\"post-image tf_clearfix\">\n\t\t\t    \t\t\t\t\t\t\t\t<a href=\"https:\/\/lamagicbox.com\/magazine\/kim-wilde-le-liberte-19-04-26-rennes-35\/\">\n\t\t\t\t\t\t\t\t<img loading=\"lazy\" decoding=\"async\" width=\"950\" height=\"300\" src=\"https:\/\/lamagicbox.com\/magazine\/wp-content\/uploads\/2026\/04\/KW-2026-005-950.jpg\" class=\"wp-post-image wp-image-45644\" title=\"KW-2026-005-950\" alt=\"Kim Wilde \u00e0 Rennes\" srcset=\"https:\/\/lamagicbox.com\/magazine\/wp-content\/uploads\/2026\/04\/KW-2026-005-950.jpg 950w, https:\/\/lamagicbox.com\/magazine\/wp-content\/uploads\/2026\/04\/KW-2026-005-950-300x95.jpg 300w, https:\/\/lamagicbox.com\/magazine\/wp-content\/uploads\/2026\/04\/KW-2026-005-950-500x158.jpg 500w\" sizes=\"auto, (max-width: 950px) 100vw, 950px\" \/>\t\t\t\t\t\t\t\t    \t\t\t\t<\/a>\n\t\t\t\t\t\t\t    \t\t\t<\/figure>\n\t\t\t\n\t<div class=\"post-content\">\n\t\t\t\t\t<p class=\"post-date entry-date updated\">\n\t\t\t\t<span class=\"month\">Avr<\/span>\n\t\t\t\t<span class=\"day\">19<\/span>\n\t\t\t\t<span class=\"year\">2026<\/span>\n\t\t\t<\/p>\n\t\t\n\t\t\t<h2 class=\"post-title entry-title\"><a href=\"https:\/\/lamagicbox.com\/magazine\/kim-wilde-le-liberte-19-04-26-rennes-35\/\">Kim Wilde &#8211; Le Libert\u00e9 &#8211; Rennes (35)<\/a><\/h2>\n\t\t\t<div class=\"entry-content\">\n\n        \n\t\t<p>KIM WILDE en concert + AL.HY Date : 19 avril 2026Salle : Le Libert\u00e9Lieu : Bretagne, Rennes\u00a0(35) . Par\u00a0Mike S. Le Libert\u00e9 n\u2019affichait pas tout \u00e0 fait complet ce dimanche soir \u00e0 Rennes, mais la salle bretonne vibrait d\u00e9j\u00e0 d\u2019une douce effervescence. Dans les gradins comme dans la fosse, un public fid\u00e8le, majoritairement quinquag\u00e9naire ou [&hellip;]<\/p>\n\n\t\t\n\t\t    <p><a href=\"https:\/\/lamagicbox.com\/magazine\/kim-wilde-le-liberte-19-04-26-rennes-35\/\" class=\"more-link\">Lire la suite<\/a><\/p>\n\n\t\t\n\t    \n\t<\/div><!-- \/.entry-content -->\n\t\n\t\t\t\t\t<p class=\"post-meta entry-meta\">\n\t\t\t\t<span class=\"post-author\">By <span class=\"author vcard\"><a class=\"url fn n\" href=\"https:\/\/lamagicbox.com\/magazine\/author\/lamagicboxlaposte-net\/\" rel=\"author\">Mike S.<\/a><\/span>  &bull;<\/span>\n\t\t\t\t<span class=\"post-category\"><a href=\"https:\/\/lamagicbox.com\/magazine\/category\/reportages\/reportage-concert\/\" rel=\"tag\" class=\"term-reportage-concert\">Reportage Concert<\/a><\/span>\t\t\t\t        <span class=\"post-comment\">\n\t       <a href=\"https:\/\/lamagicbox.com\/magazine\/kim-wilde-le-liberte-19-04-26-rennes-35\/#respond\">0<\/a>\t    <\/span>\n\t\t\n\t\t\t\t <span class=\"post-tag\">&bull; Tags: <a href=\"https:\/\/lamagicbox.com\/magazine\/tag\/80s\/\" rel=\"tag\">80's<\/a>, <a href=\"https:\/\/lamagicbox.com\/magazine\/tag\/al-hi\/\" rel=\"tag\">AL.HI<\/a>, <a href=\"https:\/\/lamagicbox.com\/magazine\/tag\/bretagne\/\" rel=\"tag\">Bretagne<\/a>, <a href=\"https:\/\/lamagicbox.com\/magazine\/tag\/kim-wilde\/\" rel=\"tag\">Kim Wilde<\/a>, <a href=\"https:\/\/lamagicbox.com\/magazine\/tag\/le-liberte\/\" rel=\"tag\">Le Libert\u00e9<\/a>, <a href=\"https:\/\/lamagicbox.com\/magazine\/tag\/new-wave\/\" rel=\"tag\">new wave<\/a>, <a href=\"https:\/\/lamagicbox.com\/magazine\/tag\/pop\/\" rel=\"tag\">Pop<\/a>, <a href=\"https:\/\/lamagicbox.com\/magazine\/tag\/rennes\/\" rel=\"tag\">Rennes<\/a>, <a href=\"https:\/\/lamagicbox.com\/magazine\/tag\/rock\/\" rel=\"tag\">Rock<\/a><\/span>\t\t\t<\/p>\n\t\t\n\n\t<\/div>\n\t<!-- \/.post-content -->\n\n    <\/div>\n<!--\/post -->\n\n<div id=\"post-45599\" class=\"post tf_clearfix cat-57 post-45599 type-post status-publish format-standard has-post-thumbnail hentry category-reportage-concert tag-bretagne tag-chanson tag-da-silva tag-dinan tag-evran tag-folk tag-rock has-post-title has-post-date has-post-category has-post-tag has-post-comment has-post-author \">\n\t\n\t\t\t\t<figure class=\"post-image tf_clearfix\">\n\t\t\t    \t\t\t\t\t\t\t\t<a href=\"https:\/\/lamagicbox.com\/magazine\/da-silva-salle-des-sports-18-04-26-evran-22\/\">\n\t\t\t\t\t\t\t\t<img loading=\"lazy\" decoding=\"async\" width=\"950\" height=\"300\" src=\"https:\/\/lamagicbox.com\/magazine\/wp-content\/uploads\/2026\/04\/da-silva-evran-2026-06-950.jpg\" class=\"wp-post-image wp-image-45603\" title=\"da-silva-evran-2026-06-950\" alt=\"Da Silva \u00e0 Evran\" srcset=\"https:\/\/lamagicbox.com\/magazine\/wp-content\/uploads\/2026\/04\/da-silva-evran-2026-06-950.jpg 950w, https:\/\/lamagicbox.com\/magazine\/wp-content\/uploads\/2026\/04\/da-silva-evran-2026-06-950-300x95.jpg 300w, https:\/\/lamagicbox.com\/magazine\/wp-content\/uploads\/2026\/04\/da-silva-evran-2026-06-950-500x158.jpg 500w\" sizes=\"auto, (max-width: 950px) 100vw, 950px\" \/>\t\t\t\t\t\t\t\t    \t\t\t\t<\/a>\n\t\t\t\t\t\t\t    \t\t\t<\/figure>\n\t\t\t\n\t<div class=\"post-content\">\n\t\t\t\t\t<p class=\"post-date entry-date updated\">\n\t\t\t\t<span class=\"month\">Avr<\/span>\n\t\t\t\t<span class=\"day\">18<\/span>\n\t\t\t\t<span class=\"year\">2026<\/span>\n\t\t\t<\/p>\n\t\t\n\t\t\t<h2 class=\"post-title entry-title\"><a href=\"https:\/\/lamagicbox.com\/magazine\/da-silva-salle-des-sports-18-04-26-evran-22\/\">Da Silva \u00e0 La Salle des Sports &#8211; 18\/04\/26 &#8211; Evran (22)<\/a><\/h2>\n\t\t\t<div class=\"entry-content\">\n\n        \n\t\t\n\t\t\n\t\t    <p><a href=\"https:\/\/lamagicbox.com\/magazine\/da-silva-salle-des-sports-18-04-26-evran-22\/\" class=\"more-link\">Lire la suite<\/a><\/p>\n\n\t\t\n\t    \n\t<\/div><!-- \/.entry-content -->\n\t\n\t\t\t\t\t<p class=\"post-meta entry-meta\">\n\t\t\t\t<span class=\"post-author\">By <span class=\"author vcard\"><a class=\"url fn n\" href=\"https:\/\/lamagicbox.com\/magazine\/author\/lamagicboxlaposte-net\/\" rel=\"author\">Mike S.<\/a><\/span>  &bull;<\/span>\n\t\t\t\t<span class=\"post-category\"><a href=\"https:\/\/lamagicbox.com\/magazine\/category\/reportages\/reportage-concert\/\" rel=\"tag\" class=\"term-reportage-concert\">Reportage Concert<\/a><\/span>\t\t\t\t        <span class=\"post-comment\">\n\t       <a href=\"https:\/\/lamagicbox.com\/magazine\/da-silva-salle-des-sports-18-04-26-evran-22\/#respond\">0<\/a>\t    <\/span>\n\t\t\n\t\t\t\t <span class=\"post-tag\">&bull; Tags: <a href=\"https:\/\/lamagicbox.com\/magazine\/tag\/bretagne\/\" rel=\"tag\">Bretagne<\/a>, <a href=\"https:\/\/lamagicbox.com\/magazine\/tag\/chanson\/\" rel=\"tag\">Chanson<\/a>, <a href=\"https:\/\/lamagicbox.com\/magazine\/tag\/da-silva\/\" rel=\"tag\">Da Silva<\/a>, <a href=\"https:\/\/lamagicbox.com\/magazine\/tag\/dinan\/\" rel=\"tag\">Dinan<\/a>, <a href=\"https:\/\/lamagicbox.com\/magazine\/tag\/evran\/\" rel=\"tag\">Evran<\/a>, <a href=\"https:\/\/lamagicbox.com\/magazine\/tag\/folk\/\" rel=\"tag\">Folk<\/a>, <a href=\"https:\/\/lamagicbox.com\/magazine\/tag\/rock\/\" rel=\"tag\">Rock<\/a><\/span>\t\t\t<\/p>\n\t\t\n\n\t<\/div>\n\t<!-- \/.post-content -->\n\n    <\/div>\n<!--\/post -->\n\n<div id=\"post-45562\" class=\"post tf_clearfix cat-57 post-45562 type-post status-publish format-standard has-post-thumbnail hentry category-reportage-concert tag-bretagne tag-cancale tag-chanson tag-lamerance tag-pop tag-rap tag-rock tag-wyll has-post-title has-post-date has-post-category has-post-tag has-post-comment has-post-author \">\n\t\n\t\t\t\t<figure class=\"post-image tf_clearfix\">\n\t\t\t    \t\t\t\t\t\t\t\t<a href=\"https:\/\/lamagicbox.com\/magazine\/wyll-lamerance-cancale-35\/\">\n\t\t\t\t\t\t\t\t<img loading=\"lazy\" decoding=\"async\" width=\"950\" height=\"300\" src=\"https:\/\/lamagicbox.com\/magazine\/wp-content\/uploads\/2026\/04\/wyll-cancale-2026-04-950.jpg\" class=\"wp-post-image wp-image-45578\" title=\"wyll-cancale-2026-04-950\" alt=\"Wyll\" srcset=\"https:\/\/lamagicbox.com\/magazine\/wp-content\/uploads\/2026\/04\/wyll-cancale-2026-04-950.jpg 950w, https:\/\/lamagicbox.com\/magazine\/wp-content\/uploads\/2026\/04\/wyll-cancale-2026-04-950-300x95.jpg 300w, https:\/\/lamagicbox.com\/magazine\/wp-content\/uploads\/2026\/04\/wyll-cancale-2026-04-950-500x158.jpg 500w\" sizes=\"auto, (max-width: 950px) 100vw, 950px\" \/>\t\t\t\t\t\t\t\t    \t\t\t\t<\/a>\n\t\t\t\t\t\t\t    \t\t\t<\/figure>\n\t\t\t\n\t<div class=\"post-content\">\n\t\t\t\t\t<p class=\"post-date entry-date updated\">\n\t\t\t\t<span class=\"month\">Avr<\/span>\n\t\t\t\t<span class=\"day\">15<\/span>\n\t\t\t\t<span class=\"year\">2026<\/span>\n\t\t\t<\/p>\n\t\t\n\t\t\t<h2 class=\"post-title entry-title\"><a href=\"https:\/\/lamagicbox.com\/magazine\/wyll-lamerance-cancale-35\/\">Wyll \u00e0 L&rsquo;Am\u00e9rance &#8211; Cancale (35)<\/a><\/h2>\n\t\t\t<div class=\"entry-content\">\n\n        \n\t\t\n\t\t\n\t\t    <p><a href=\"https:\/\/lamagicbox.com\/magazine\/wyll-lamerance-cancale-35\/\" class=\"more-link\">Lire la suite<\/a><\/p>\n\n\t\t\n\t    \n\t<\/div><!-- \/.entry-content -->\n\t\n\t\t\t\t\t<p class=\"post-meta entry-meta\">\n\t\t\t\t<span class=\"post-author\">By <span class=\"author vcard\"><a class=\"url fn n\" href=\"https:\/\/lamagicbox.com\/magazine\/author\/lamagicboxlaposte-net\/\" rel=\"author\">Mike S.<\/a><\/span>  &bull;<\/span>\n\t\t\t\t<span class=\"post-category\"><a href=\"https:\/\/lamagicbox.com\/magazine\/category\/reportages\/reportage-concert\/\" rel=\"tag\" class=\"term-reportage-concert\">Reportage Concert<\/a><\/span>\t\t\t\t        <span class=\"post-comment\">\n\t       <a href=\"https:\/\/lamagicbox.com\/magazine\/wyll-lamerance-cancale-35\/#respond\">0<\/a>\t    <\/span>\n\t\t\n\t\t\t\t <span class=\"post-tag\">&bull; Tags: <a href=\"https:\/\/lamagicbox.com\/magazine\/tag\/bretagne\/\" rel=\"tag\">Bretagne<\/a>, <a href=\"https:\/\/lamagicbox.com\/magazine\/tag\/cancale\/\" rel=\"tag\">Cancale<\/a>, <a href=\"https:\/\/lamagicbox.com\/magazine\/tag\/chanson\/\" rel=\"tag\">Chanson<\/a>, <a href=\"https:\/\/lamagicbox.com\/magazine\/tag\/lamerance\/\" rel=\"tag\">L'Am\u00e9rance<\/a>, <a href=\"https:\/\/lamagicbox.com\/magazine\/tag\/pop\/\" rel=\"tag\">Pop<\/a>, <a href=\"https:\/\/lamagicbox.com\/magazine\/tag\/rap\/\" rel=\"tag\">Rap<\/a>, <a href=\"https:\/\/lamagicbox.com\/magazine\/tag\/rock\/\" rel=\"tag\">Rock<\/a>, <a href=\"https:\/\/lamagicbox.com\/magazine\/tag\/wyll\/\" rel=\"tag\">WYLL<\/a><\/span>\t\t\t<\/p>\n\t\t\n\n\t<\/div>\n\t<!-- \/.post-content -->\n\n    <\/div>\n<!--\/post -->\n\n<div id=\"post-45690\" class=\"post tf_clearfix cat-57 cat-53 post-45690 type-post status-publish format-standard has-post-thumbnail hentry category-reportage-concert category-reportages tag-colin-andrew tag-den-atelier tag-kiefer-sutherland tag-latelier tag-luxembourg has-post-title has-post-date has-post-category has-post-tag has-post-comment has-post-author \">\n\t\n\t\t\t\t<figure class=\"post-image tf_clearfix\">\n\t\t\t    \t\t\t\t\t\t\t\t<a href=\"https:\/\/lamagicbox.com\/magazine\/kiefer-sutherland-colin-andrew-a-latelier-luxembourg-lux\/\">\n\t\t\t\t\t\t\t\t<img loading=\"lazy\" decoding=\"async\" width=\"950\" height=\"300\" src=\"https:\/\/lamagicbox.com\/magazine\/wp-content\/uploads\/2026\/04\/Kiefer-Sutherland-14-04-2026-banniere.jpg\" class=\"wp-post-image wp-image-45699\" title=\"Kiefer Sutherland 14 04 2026 (banni\u00e8re)\" alt=\"Kiefer Sutherland 14 04 2026 (banni\u00e8re)\" srcset=\"https:\/\/lamagicbox.com\/magazine\/wp-content\/uploads\/2026\/04\/Kiefer-Sutherland-14-04-2026-banniere.jpg 950w, https:\/\/lamagicbox.com\/magazine\/wp-content\/uploads\/2026\/04\/Kiefer-Sutherland-14-04-2026-banniere-300x95.jpg 300w, https:\/\/lamagicbox.com\/magazine\/wp-content\/uploads\/2026\/04\/Kiefer-Sutherland-14-04-2026-banniere-500x158.jpg 500w\" sizes=\"auto, (max-width: 950px) 100vw, 950px\" \/>\t\t\t\t\t\t\t\t    \t\t\t\t<\/a>\n\t\t\t\t\t\t\t    \t\t\t<\/figure>\n\t\t\t\n\t<div class=\"post-content\">\n\t\t\t\t\t<p class=\"post-date entry-date updated\">\n\t\t\t\t<span class=\"month\">Avr<\/span>\n\t\t\t\t<span class=\"day\">14<\/span>\n\t\t\t\t<span class=\"year\">2026<\/span>\n\t\t\t<\/p>\n\t\t\n\t\t\t<h2 class=\"post-title entry-title\"><a href=\"https:\/\/lamagicbox.com\/magazine\/kiefer-sutherland-colin-andrew-a-latelier-luxembourg-lux\/\">Kiefer Sutherland + Colin Andrew \u00e0 L&rsquo;Atelier &#8211; Luxembourg (Lux)<\/a><\/h2>\n\t\t\t<div class=\"entry-content\">\n\n        \n\t\t<p>Den Atelier \/\u00a0Kiefer Sutherland + Colin Andrew \/\u00a0Le 14 Avril 2026 \u2013 Luxembourg (Lux) \/\u00a0Notre avis\u00a0: 5\/5.Mardi soir, l\u2019atmosph\u00e8re \u00e9tait \u00e0 la fois chaleureuse et \u00e9lectrique \u00e0 L\u2019Atelier. Devant un public curieux, m\u00ealant fans de musique country-rock et admirateurs de l\u2019acteur devenu musicien, Kiefer Sutherland a livr\u00e9 un concert sinc\u00e8re, g\u00e9n\u00e9reux et profond\u00e9ment humain. La [&hellip;]<\/p>\n\n\t\t\n\t\t    <p><a href=\"https:\/\/lamagicbox.com\/magazine\/kiefer-sutherland-colin-andrew-a-latelier-luxembourg-lux\/\" class=\"more-link\">Lire la suite<\/a><\/p>\n\n\t\t\n\t    \n\t<\/div><!-- \/.entry-content -->\n\t\n\t\t\t\t\t<p class=\"post-meta entry-meta\">\n\t\t\t\t<span class=\"post-author\">By <span class=\"author vcard\"><a class=\"url fn n\" href=\"https:\/\/lamagicbox.com\/magazine\/author\/fabrice-a\/\" rel=\"author\">Fabrice A.<\/a><\/span>  &bull;<\/span>\n\t\t\t\t<span class=\"post-category\"><a href=\"https:\/\/lamagicbox.com\/magazine\/category\/reportages\/reportage-concert\/\" rel=\"tag\" class=\"term-reportage-concert\">Reportage Concert<\/a>, <a href=\"https:\/\/lamagicbox.com\/magazine\/category\/reportages\/\" rel=\"tag\" class=\"term-reportages\">Reportages<\/a><\/span>\t\t\t\t        <span class=\"post-comment\">\n\t       <a href=\"https:\/\/lamagicbox.com\/magazine\/kiefer-sutherland-colin-andrew-a-latelier-luxembourg-lux\/#respond\">0<\/a>\t    <\/span>\n\t\t\n\t\t\t\t <span class=\"post-tag\">&bull; Tags: <a href=\"https:\/\/lamagicbox.com\/magazine\/tag\/colin-andrew\/\" rel=\"tag\">Colin Andrew<\/a>, <a href=\"https:\/\/lamagicbox.com\/magazine\/tag\/den-atelier\/\" rel=\"tag\">Den Atelier<\/a>, <a href=\"https:\/\/lamagicbox.com\/magazine\/tag\/kiefer-sutherland\/\" rel=\"tag\">Kiefer Sutherland<\/a>, <a href=\"https:\/\/lamagicbox.com\/magazine\/tag\/latelier\/\" rel=\"tag\">L'Atelier<\/a>, <a href=\"https:\/\/lamagicbox.com\/magazine\/tag\/luxembourg\/\" rel=\"tag\">Luxembourg<\/a><\/span>\t\t\t<\/p>\n\t\t\n\n\t<\/div>\n\t<!-- \/.post-content -->\n\n    <\/div>\n<!--\/post -->\n<\/div><!-- .builder-posts-wrap -->\n            <link rel=\"prefetch\" as=\"document\" href=\"https:\/\/lamagicbox.com\/magazine\/wp-json\/wp\/v2\/pages\/2671\/page\/2\/\"\/><div class=\"pagenav tf_clear tf_box tf_textr tf_clearfix \"> <span class=\"number current\">1<\/span> <a href=\"https:\/\/lamagicbox.com\/magazine\/wp-json\/wp\/v2\/pages\/2671\/page\/2\/\" class=\"number\">2<\/a> <a href=\"https:\/\/lamagicbox.com\/magazine\/wp-json\/wp\/v2\/pages\/2671\/page\/3\/\" class=\"number\">3<\/a> <a href=\"https:\/\/lamagicbox.com\/magazine\/wp-json\/wp\/v2\/pages\/2671\/page\/4\/\" class=\"number\">4<\/a><a href=\"https:\/\/lamagicbox.com\/magazine\/wp-json\/wp\/v2\/pages\/2671\/page\/2\/\"  class=\"number nextp\">&rsaquo;<\/a><a href=\"https:\/\/lamagicbox.com\/magazine\/wp-json\/wp\/v2\/pages\/2671\/page\/94\/\" title=\"&raquo;\" class=\"number lastp\">&raquo;<\/a><\/div>        <\/div>\n    <!-- \/module post -->\n\t\t\t\t<\/div><!-- .tb-column-inner -->\n\t\t\t\t\t\t<\/div><!-- .module_column -->\n\t\t\t\t\t\t<\/div><!-- .row_inner -->\n\t\t<\/div><!-- .module_row -->\n\t\t\t\t<\/div>\n<!--\/themify_builder_content-->","protected":false},"excerpt":{"rendered":"<p>Comptes-rendus des concerts vus par les reporters de La Magic Box<\/p>\n","protected":false},"author":1,"featured_media":0,"parent":2667,"menu_order":1,"comment_status":"open","ping_status":"open","template":"","meta":{"footnotes":""},"class_list":["post-2671","page","type-page","status-publish","hentry","has-post-title","has-post-date","has-post-category","has-post-tag","has-post-comment","has-post-author",""],"builder_content":"","_links":{"self":[{"href":"https:\/\/lamagicbox.com\/magazine\/wp-json\/wp\/v2\/pages\/2671","targetHints":{"allow":["GET"]}}],"collection":[{"href":"https:\/\/lamagicbox.com\/magazine\/wp-json\/wp\/v2\/pages"}],"about":[{"href":"https:\/\/lamagicbox.com\/magazine\/wp-json\/wp\/v2\/types\/page"}],"author":[{"embeddable":true,"href":"https:\/\/lamagicbox.com\/magazine\/wp-json\/wp\/v2\/users\/1"}],"replies":[{"embeddable":true,"href":"https:\/\/lamagicbox.com\/magazine\/wp-json\/wp\/v2\/comments?post=2671"}],"version-history":[{"count":0,"href":"https:\/\/lamagicbox.com\/magazine\/wp-json\/wp\/v2\/pages\/2671\/revisions"}],"up":[{"embeddable":true,"href":"https:\/\/lamagicbox.com\/magazine\/wp-json\/wp\/v2\/pages\/2667"}],"wp:attachment":[{"href":"https:\/\/lamagicbox.com\/magazine\/wp-json\/wp\/v2\/media?parent=2671"}],"curies":[{"name":"wp","href":"https:\/\/api.w.org\/{rel}","templated":true}]}}